t of n(3)?
7
Suppose -3*i + 505 = -4*s, 0*s - s = 4. What is the tens digit of i?
6
Let v(o) = -o**3 + 9*o**2 - 10*o - 4. What is the tens digit of v(6)?
4
Let t = 298 - 207. What is the tens digit of t?
9
Let o be 6/2*(-5)/(-3). Suppose -12 = -3*a - 3, 2*r + o*a = 87. What is the units digit of 8/r + 34/9?
4
What is the units digit of ((-390)/(-13))/((-4)/(-10))?
5
Suppose 93 - 331 = -2*d. What is the tens digit of d?
1
Let t(o) = o**3 + 5*o**2 + 2*o - 4. Let u be t(-4). Suppose -u*g - 2 + 6 = 0. What is the units digit of g?
1
What is the tens digit of (-1)/(3 - (-460)/(-153))?
5
Let q(g) = 4*g + 7. Let i(h) = 3*h + 6. Let y(s) = -5*i(s) + 4*q(s). Suppose 5*p = 7 + 13. What is the units digit of y(p)?
2
Suppose -5*m = 16 - 6. What is the units digit of 2/(-2) + (0 - m)?
1
Suppose -4*b + 15 + 17 = 0. Suppose -2*a + 0*a + 4*z - b = 0, -3*a + 3*z - 15 = 0. What is the units digit of (-4)/6 + (-28)/a?
4
Let u be (2 + 24/(-3))*-10. Let o be ((-2)/(-6))/(5/u). Suppose -2*l = -0*l - j - 27, 5*l - o*j = 75. What is the tens digit of l?
1
Let l be (0 - (-3)/(-3))/(-1). Suppose 0*k - k - 4*o + l = 0, 5*k - 23 = -2*o. Suppose 11 = k*s - 4*s. What is the units digit of s?
1
Let i(b) = b**3 + 7*b**2 + b + 2. Let r be i(-7). Let g = 4 - r. What is the units digit of g?
9
Let m(n) = n**2 - 3*n. Let r be m(4). Suppose -4*p = -2*p - r*l + 4, 0 = -4*p - 5*l + 5. Suppose -2*d + 2 + 6 = p. What is the units digit of d?
4
What is the tens digit of (19 - 24)/((-2)/30)?
7
Suppose q = 3*o - 33, -6*o + 5*q = -3*o - 45. What is the tens digit of (-5)/o*74/(-1)?
3
Let x = -85 + 218. What is the hundreds digit of x?
1
What is the units digit of -1 + (-84)/(-2) + 0 + 2?
3
Let m = 96 - -2. Suppose 0 = 2*g + w - 48, w - m = -4*g - 2*w. What is the units digit of g?
3
Let k be 88 + 3 + -1*2. Let b be 2/(-7) + k/(-7). Let g = 22 + b. What is the units digit of g?
9
Let b(f) = -f**2 - 33*f - 31. What is the hundreds digit of b(-21)?
2
Suppose -4*i = 12, -3*i = -o - 7*i - 7. Suppose o*y = 162 - 37. Suppose k - 3 = -2*n, 0 = -0*k - 3*k - 2*n + y. What is the units digit of k?
1
Let o = 27 + -9. What is the units digit of 38/3 - (-6)/o?
3
Let v(n) = -n + 2 - n**3 + n - 4*n + 4*n**2. Let k(a) = -a**3 + a**2 + 2. Let y be k(0). What is the units digit of v(y)?
2
What is the tens digit of ((-11)/11)/((-1)/61)?
6
Let u = 27 - 19. Let t(g) = 4*g**3 + 13*g - 6*g + 9 + 7*g**2 - 5*g**3. What is the units digit of t(u)?
1
Let b = 3 + -4. Let h be (b + 0)/((-3)/(-27)). What is the units digit of (-6)/h + 112/12?
0
What is the hundreds digit of ((-64)/(-10))/(0 + (-7)/(-280))?
2
Let p(i) = i + 7. Let s = -8 + 3. Let a = s - -11. What is the units digit of p(a)?
3
Suppose -5*x + 10 = -5. Suppose 2*i - 60 = -x*i. Let v = i + -6. What is the units digit of v?
6
Let p(r) = 3*r**2 - 2*r - 4. Let f = 11 + -14. What is the tens digit of p(f)?
2
Let g(x) = x**2 + x - 1. Let u(w) = -2*w**2 - 13*w + 10. Let o(j) = -3*g(j) - u(j). Let d = -19 - -28. What is the units digit of o(d)?
2
What is the hundreds digit of ((-19)/2)/(4*(-3)/192)?
1
Suppose 4*j - 3 + 87 = 0. Let t = 34 + j. What is the tens digit of t?
1
Let l(y) = y**2 - 5*y - 9. Suppose 3*t - 9 = 12. Let v be l(t). Suppose -v*a + 19 = -i, 8 = 3*i - a - a. What is the units digit of i?
6
Let k(d) = -21*d - 11. Let n(x) = 14*x + 7. Let w(o) = -5*k(o) - 8*n(o). Let j be w(3). Let f = 33 + j. What is the tens digit of f?
1
Suppose 0 = -a - 3 + 7. Suppose -22 = -y + z, a*y - y - z - 70 = 0. What is the tens digit of y?
2
Let u(o) = o**2 + 4*o - 7. Let x be u(-5). Let z(d) = -2*d. Let t be z(x). Suppose 2*c - t*j - 40 = -c, -5*c = 4*j - 24. What is the units digit of c?
8
Let c(y) be the second derivative of -y**3/3 + 3*y**2/2 - 2*y. Let h(k) = 3*k - 7. Let z(u) = -5*c(u) - 2*h(u). What is the units digit of z(2)?
7
Suppose -6*k + 234 = -150. What is the tens digit of k?
6
Let i(d) = -d**3 + 5*d**2 + 8*d - 9. Let q be i(6). Suppose q*m = -6 + 33. What is the units digit of m?
9
Let r(w) = w**2 + 2*w - 12. What is the tens digit of r(5)?
2
Let b(q) = -2 + 5 - 2 + 3*q. What is the tens digit of b(4)?
1
Let r be ((-6)/(-21))/(2/14). What is the units digit of ((-5)/2)/(r/(-4))?
5
Let a = 13 - 8. Let p(k) = k**3 + 7*k**2 + 3. Let b be p(-7). Suppose 104 = a*j - 3*x + 2*x, -b*j - x + 64 = 0. What is the tens digit of j?
2
What is the units digit of (28/(-35))/(2/(-25))?
0
Suppose 4 = -4*k + 5*k. Suppose 5*z + 11 = -9, u = -k*z + 1. What is the units digit of u?
7
Let p be ((-14)/3)/(4/(-114)). Suppose -25 + p = 4*g. What is the units digit of g?
7
Let x = 3 - 1. Let m be 5 - 6/x - 5. What is the tens digit of (m/2)/(7/(-70))?
1
Suppose -3*p = 3*y, 0 = -0*y + 3*y - 4*p. Suppose y = 2*a + s - 24, -5*s + 44 = 4*a - s. What is the units digit of a?
3
Let s(w) = -3*w**2 - 5*w + 4. Let g be s(3). Let h = g + 55. What is the tens digit of h?
1
Suppose -2*v + 51 = 15. Let u = v + -12. What is the units digit of u?
6
Suppose 0 = -5*k + 10 + 120. What is the tens digit of k?
2
Suppose 4*h + 2*u = 98, -3*u = -h - u + 22. What is the units digit of h?
4
Let d(g) be the third derivative of 7*g**4/24 + g**3/6 + 3*g**2. What is the units digit of d(1)?
8
Let o be (-3)/2 - 3/2. Let a be (o + 3)/(1 + 0). What is the units digit of 2 - (a + 2 - 4)?
4
Let j(r) = 2*r**2 + r + 7. What is the units digit of j(-3)?
2
Let t = -93 + 198. What is the units digit of t?
5
Suppose -25 = -3*c - 7. What is the units digit of c?
6
Suppose r - v + 3 = -2*v, -v = 5. What is the units digit of r?
2
Let c(k) = 2*k + 3. Let u be c(-2). Let q be 2*u*(-1 - 0). Suppose -q*g = -g - 9. What is the units digit of g?
9
Suppose -3*n + 6 = 3*f - 0, -5*f - 5 = 0. Suppose 5*w - 5*b = 60, 3*b - n - 11 = -2*w. What is the units digit of w?
0
Suppose -4*a - 5*p = -491, 0*p = -5*a - p + 619. What is the tens digit of a?
2
Suppose -7 = 3*x - 46. Let k = -9 + x. Suppose -3*y + 0*d - 5*d = -16, k*d = 2*y + 4. What is the units digit of y?
2
Let a = 4 - 2. Let x(d) = 15*d**2 - 17*d + 2. Let j(c) = -8*c**2 + 9*c - 1. Let m(p) = 11*j(p) + 6*x(p). What is the units digit of m(a)?
3
Let y(m) = 3*m + 13. What is the units digit of y(-4)?
1
Let f(n) be the first derivative of 0*n + 2/3*n**3 - n**2 + 1. What is the units digit of f(2)?
4
Suppose 0*s + 1 = s, 3*d - 2*s - 160 = 0. What is the tens digit of d?
5
Suppose -t - 4*r - 322 = -3*t, -5*r = 3*t - 450. What is the units digit of t?
5
Let u(b) = -b**3 + 3*b**2 - b - 2. Let n be u(2). Suppose z - 5 + 3 = n. Let t = 4 - z. What is the units digit of t?
2
Let l(x) = -2*x**3 - 6*x**2 - 4*x + 4. Let k(f) = -f**3 - 5*f**2 - 3*f + 3. Let q(a) = 4*k(a) - 3*l(a). What is the units digit of q(2)?
8
Let b be (0 - -3)*4/6. Suppose -b*k = 4*j + k - 16, -4*j = 2*k - 16. Suppose -4*i - 3*o - 4 + 28 = 0, j*i - 32 = -o. What is the units digit of i?
9
Suppose -w + 2*r + 112 = 9, -4 = 2*r. What is the units digit of w?
9
Let w = -12 + 41. Let j = w + -5. What is the units digit of j?
4
Suppose 2*q - 4*a = q + 6, -3*q + 4 = 2*a. Suppose -6 = 3*f - 2*n - 70, -4*n - 48 = -q*f. What is the tens digit of f?
2
Let y(v) = 4*v + 7. Let q(w) = -3*w - 6. Let p(l) = -5*q(l) - 4*y(l). What is the units digit of p(-6)?
8
Suppose 2*t = -3*t - 45. Let g be 4/(-14) - (-80)/(-14). Let s = g - t. What is the units digit of s?
3
Suppose -6 = 2*m, s = 2*m + 10 + 63. What is the tens digit of s?
6
Let m(s) = 26*s - 19. What is the tens digit of m(9)?
1
Let b be 2/(2/17*-1). Let q = -4 + b. Let o = -15 - q. What is the units digit of o?
6
Suppose 4*r - 11 = 25. Let u be ((-1)/(-2))/(5/(-10)). Let h = r + u. What is the units digit of h?
8
Let j(d) = -d**2 + 25*d - 8. What is the hundreds digit of j(14)?
1
What is the units digit of (2*(-1)/6)/((-8)/72)?
3
Let o = -22 - -16. Let k(l) = -l**2 - 9*l - 6. What is the tens digit of k(o)?
1
Suppose -7*i = -6*i - 140. What is the hundreds digit of i?
1
Suppose 39 = -5*z + 9. Let v(b) = -b**3 - 6*b**2 - b + 1. What is the units digit of v(z)?
7
Suppose 5*q + 25 = -l, 4*q + 8 + 3 = l. Let v(j) = j**2 - 3*j - 2. What is the tens digit of v(l)?
3
Let f(s) = -4 - 5*s + 3*s + 3*s. Let n be f(6). Suppose n = -0*v + v. What is the units digit of v?
2
Suppose -2*d - 8 = 0, -d = 5*h - 0*d - 16. Let n be 9*h*(-6)/(-12). Suppose b + n = 3*b. What is the units dig